 by 825.
783
What is the remainder when 1325 is divided by 29?
20
Calculate the remainder when 6400 is divided by 50.
0
Calculate the remainder when 3564 is divided by 323.
11
What is the remainder when 14564 is divided by 394?
380
Calculate the remainder when 58431 is divided by 824.
751
What is the remainder when 99543 is divided by 68?
59
What is the remainder when 84905 is divided by 1048?
17
Calculate the remainder when 22914 is divided by 559.
554
What is the remainder when 1598118 is divided by 8?
6
What is the remainder when 420438 is divided by 13?
5
What is the remainder when 2104507 is divided by 192?
187
What is the remainder when 327103 is divided by 3989?
5
What is the remainder when 279333 is divided by 551?
527
What is the remainder when 202741 is divided by 40545?
16
What is the remainder when 251248 is divided by 125619?
10
What is the remainder when 80797 is divided by 14?
3
Calculate the remainder when 59277 is divided by 2821.
36
Calculate the remainder when 1133 is divided by 456.
221
What is the remainder when 49739 is divided by 27?
5
What is the remainder when 330888 is divided by 59?
16
Calculate the remainder when 146336 is divided by 3403.
7
What is the remainder when 49685 is divided by 17?
11
What is the remainder when 6246971 is divided by 29?
23
What is the remainder when 79922 is divided by 340?
22
Calculate the remainder when 57679 is divided by 40.
39
Calculate the remainder when 34677 is divided by 408.
405
Calculate the remainder when 248640 is divided by 58.
52
What is the remainder when 28462 is divided by 5?
2
Calculate the remainder when 167829 is divided by 31.
26
Calculate the remainder when 1501 is divided by 372.
13
Calculate the remainder when 10070 is divided by 3046.
932
Calculate the remainder when 6129 is divided by 1757.
858
Calculate the remainder when 1930 is divided by 388.
378
What is the remainder when 6229 is divided by 7?
6
What is the remainder when 457 is divided by 30?
7
Calculate the remainder when 13175 is divided by 22.
19
Calculate the remainder when 10236 is divided by 54.
30
What is the remainder when 1713 is divided by 170?
13
What is the remainder when 1860 is divided by 228?
36
What is the remainder when 287569 is divided by 386?
385
What is the remainder when 4953 is divided by 558?
489
Calculate the remainder when 1261060 is divided by 14.
10
Calculate the remainder when 2792 is divided by 214.
10
What is the remainder when 2730 is divided by 4?
2
What is the remainder when 253238 is divided by 420?
398
Calculate the remainder when 37107 is divided by 1276.
103
Calculate the remainder when 30199 is divided by 64.
55
What is the remainder when 32343 is divided by 10778?
9
What is the remainder when 7118 is divided by 89?
87
What is the remainder when 65940 is divided by 767?
745
Calculate the remainder when 10866 is divided by 841.
774
What is the remainder when 15166 is divided by 165?
151
Calculate the remainder when 46473 is divided by 801.
15
Calculate the remainder when 2659 is divided by 885.
4
Calculate the remainder when 57739 is divided by 466.
421
What is the remainder when 5240958 is divided by 38?
36
What is the remainder when 5119 is divided by 212?
31
What is the remainder when 125923 is divided by 365?
363
What is the remainder when 119718 is divided by 2217?
0
What is the remainder when 1344 is divided by 27?
21
Calculate the remainder when 1583 is divided by 662.
259
Calculate the remainder when 16983 is divided by 95.
73
Calculate the remainder when 189142 is divided by 9456.
22
Calculate the remainder when 78969 is divided by 199.
165
Calculate the remainder when 82796 is divided by 82788.
8
What is the remainder when 90900 is divided by 88?
84
Calculate the remainder when 8210 is divided by 16.
2
What is the remainder when 42731 is divided by 10669?
55
Calculate the remainder when 5625 is divided by 931.
39
Calculate the remainder when 4356 is divided by 236.
108
What is the remainder when 4957 is divided by 4949?
8
What is the remainder when 1052503 is divided by 1039?
1035
What is the remainder when 843 is divided by 470?
373
What is the remainder when 6251 is divided by 447?
440
What is the remainder when 2131299 is divided by 25?
24
Calculate the remainder when 2956 is divided by 224.
44
What is the remainder when 3600 is divided by 278?
264
What is the remainder when 14690 is divided by 189?
137
What is the remainder when 820864 is divided by 18?
10
Calculate the remainder when 101813 is divided by 228.
125
Calculate the remainder when 3105 is divided by 317.
252
What is the remainder when 51385 is divided by 17?
11
What is the remainder when 81256 is divided by 105?
91
What is the remainder when 24442 is divided by 155?
107
Calculate the remainder when 22612 is divided by 7517.
61
Calculate the remainder when 1089 is divided by 286.
231
Calculate the remainder when 649113 is divided by 32.
25
Calculate the remainder when 131707 is divided by 76.
75
Calculate the remainder when 117540 is divided by 109.
38
Calculate the remainder when 6192 is divided by 770.
32
Calculate the remainder when 7046 is divided by 899.
753
Calculate the remainder when 915691 is divided by 86.
49
What is the remainder when 40019 is divided by 138?
137
What is the remainder when 13004 is divided by 12985?
19
What is the remainder when 11070 is divided by 258?
234
What is the remainder when 1586 is divided by 288?
146
What is the remainder when 3397 is divided by 63?
58
What is the remainder when 36696 is divided by 127?
120
What is the remainder when 2902462 is divided by 12?
10
Calculate the remainder when 1171 is divided by 13.
1
What is the remainder when 3389 is divided by 39?
35
What is the remainder when 13344 is divided by 534?
528
What is the remainder when 42189 is divided by 107?
31
What is the remainder when 272434 is divided by 438?
436
What is the remainder when 441970 is divided by 82?
72
Calculate the remainder when 23533 is divided by 21.
13
What is the remainder when 73315 is divided by 18324?
19
Calculate the remainder when 11890 is divided by 11881.
9
Calculate the remainder when 1178 is divided by 4.
2
What is the remainder when 207642 is divided by 10?
2
Calculate the remainder when 1320 is divided by 712.
608
What is the remainder when 36005 is divided by 611?
567
What is the remainder when 8824 is divided by 304?
8
What is the remainder when 39325 is divided by 111?
31
Calculate the remainder when 8636 is divided by 297.
23
Calculate the remainder when 25599 is divided by 1112.
23
What is the remainder when 18980 is divided by 979?
379
What is the remainder when 8914 is divided by 8643?
271
Calculate the remainder when 524 is divided by 48.
44
Calculate the remainder when 65797 is divided by 5980.
17
Calculate the remainder when 10825 is divided by 272.
217
What is the remainder when 736062 is divided by 28?
26
What is the remainder when 12172 is divided by 1108?
1092
Calculate the remainder when 20034 is divided by 40.
34
Calculate the remainder when 3186 is divided by 56.
50
Calculate the remainder when 35709 is divided by 17654.
401
Calculate the remainder when 1596578 is divided by 39.
35
Calculate the remainder when 126407 is divided by 11.
6
What is the remainder when 82024 is divided by 1114?
702
Calculate the remainder when 722290 is divided by 2112.
2098
What is the remainder when 207202 is divided by 51800?
2
What is the remainder when 124975 is divided by 20?
15
Calculate the remainder when 65999 is divided by 61.
58
Calculate the remainder when 1523878 is divided by 1080.
1078
Calculate the remainder when 16156 is divided by 11.
8
Calculate the remainder when 32180 is divided by 1038.
2
Calculate the remainder when 1042 is divided by 505.
32
What is the remainder when 2803 is divided by 158?
117
Calculate the remainder when 15525 is divided by 1545.
75
Calculate the remainder when 191013 is divided by 168.
165
Calculate the remainder when 87310 is divided by 704.
14
What is the remainder when 38460 is divided by 49?
44
Calculate the remainder when 292031 is divided by 151.
148
Calculate the remainder when 6998 is divided by 3497.
4
Calculate the remainder when 56403 is divided by 818.
779
What is the remainder when 4145 is divided by 